{"id":140,"date":"2022-06-27T17:33:50","date_gmt":"2022-06-27T15:33:50","guid":{"rendered":"http:\/\/kaszpol.pl\/?page_id=140"},"modified":"2022-06-27T17:48:55","modified_gmt":"2022-06-27T15:48:55","slug":"elementor-140","status":"publish","type":"page","link":"https:\/\/kaszpol.pl\/?page_id=140","title":{"rendered":"Elementor #140"},"content":{"rendered":"\t\t<div data-elementor-type=\"wp-page\" data-elementor-id=\"140\" class=\"elementor elementor-140\">\n\t\t\t\t\t\t\t\t\t<section class=\"elementor-section elementor-top-section elementor-element elementor-element-c98d8ca elementor-section-content-top elementor-section-boxed elementor-section-height-default elementor-section-height-default\" data-id=\"c98d8ca\" data-element_type=\"section\" data-settings=\"{&quot;background_background&quot;:&quot;classic&quot;}\">\n\t\t\t\t\t\t\t<div class=\"elementor-background-overlay\"><\/div>\n\t\t\t\t\t\t\t<div class=\"elementor-container elementor-column-gap-no\">\n\t\t\t\t\t<div class=\"elementor-column elementor-col-100 elementor-top-column elementor-element elementor-element-dbcd780\" data-id=\"dbcd780\" data-element_type=\"column\">\n\t\t\t<div class=\"elementor-widget-wrap elementor-element-populated\">\n\t\t\t\t\t\t\t\t<div class=\"elementor-element elementor-element-7145cec elementor-invisible elementor-widget elementor-widget-heading\" data-id=\"7145cec\" data-element_type=\"widget\" data-settings=\"{&quot;_animation&quot;:&quot;fadeIn&quot;}\" data-widget_type=\"heading.default\">\n\t\t\t\t<div class=\"elementor-widget-container\">\n\t\t\t<style>\/*! elementor - v3.13.3 - 28-05-2023 *\/\n.elementor-heading-title{padding:0;margin:0;line-height:1}.elementor-widget-heading .elementor-heading-title[class*=elementor-size-]>a{color:inherit;font-size:inherit;line-height:inherit}.elementor-widget-heading .elementor-heading-title.elementor-size-small{font-size:15px}.elementor-widget-heading .elementor-heading-title.elementor-size-medium{font-size:19px}.elementor-widget-heading .elementor-heading-title.elementor-size-large{font-size:29px}.elementor-widget-heading .elementor-heading-title.elementor-size-xl{font-size:39px}.elementor-widget-heading .elementor-heading-title.elementor-size-xxl{font-size:59px}<\/style><h2 class=\"elementor-heading-title elementor-size-xxl\">Oferta<\/h2>\t\t<\/div>\n\t\t\t\t<\/div>\n\t\t\t\t<div class=\"elementor-element elementor-element-a28df01 elementor-widget-divider--view-line elementor-invisible elementor-widget elementor-widget-divider\" data-id=\"a28df01\" data-element_type=\"widget\" data-settings=\"{&quot;_animation&quot;:&quot;fadeIn&quot;,&quot;_animation_delay&quot;:300}\" data-widget_type=\"divider.default\">\n\t\t\t\t<div class=\"elementor-widget-container\">\n\t\t\t<style>\/*! elementor - v3.13.3 - 28-05-2023 *\/\n.elementor-widget-divider{--divider-border-style:none;--divider-border-width:1px;--divider-color:#0c0d0e;--divider-icon-size:20px;--divider-element-spacing:10px;--divider-pattern-height:24px;--divider-pattern-size:20px;--divider-pattern-url:none;--divider-pattern-repeat:repeat-x}.elementor-widget-divider .elementor-divider{display:flex}.elementor-widget-divider .elementor-divider__text{font-size:15px;line-height:1;max-width:95%}.elementor-widget-divider .elementor-divider__element{margin:0 var(--divider-element-spacing);flex-shrink:0}.elementor-widget-divider .elementor-icon{font-size:var(--divider-icon-size)}.elementor-widget-divider .elementor-divider-separator{display:flex;margin:0;direction:ltr}.elementor-widget-divider--view-line_icon .elementor-divider-separator,.elementor-widget-divider--view-line_text .elementor-divider-separator{align-items:center}.elementor-widget-divider--view-line_icon .elementor-divider-separator:after,.elementor-widget-divider--view-line_icon .elementor-divider-separator:before,.elementor-widget-divider--view-line_text .elementor-divider-separator:after,.elementor-widget-divider--view-line_text .elementor-divider-separator:before{display:block;content:\"\";border-bottom:0;flex-grow:1;border-top:var(--divider-border-width) var(--divider-border-style) var(--divider-color)}.elementor-widget-divider--element-align-left .elementor-divider .elementor-divider-separator>.elementor-divider__svg:first-of-type{flex-grow:0;flex-shrink:100}.elementor-widget-divider--element-align-left .elementor-divider-separator:before{content:none}.elementor-widget-divider--element-align-left .elementor-divider__element{margin-left:0}.elementor-widget-divider--element-align-right .elementor-divider .elementor-divider-separator>.elementor-divider__svg:last-of-type{flex-grow:0;flex-shrink:100}.elementor-widget-divider--element-align-right .elementor-divider-separator:after{content:none}.elementor-widget-divider--element-align-right .elementor-divider__element{margin-right:0}.elementor-widget-divider:not(.elementor-widget-divider--view-line_text):not(.elementor-widget-divider--view-line_icon) .elementor-divider-separator{border-top:var(--divider-border-width) var(--divider-border-style) var(--divider-color)}.elementor-widget-divider--separator-type-pattern{--divider-border-style:none}.elementor-widget-divider--separator-type-pattern.elementor-widget-divider--view-line .elementor-divider-separator,.elementor-widget-divider--separator-type-pattern:not(.elementor-widget-divider--view-line) .elementor-divider-separator:after,.elementor-widget-divider--separator-type-pattern:not(.elementor-widget-divider--view-line) .elementor-divider-separator:before,.elementor-widget-divider--separator-type-pattern:not([class*=elementor-widget-divider--view]) .elementor-divider-separator{width:100%;min-height:var(--divider-pattern-height);-webkit-mask-size:var(--divider-pattern-size) 100%;mask-size:var(--divider-pattern-size) 100%;-webkit-mask-repeat:var(--divider-pattern-repeat);mask-repeat:var(--divider-pattern-repeat);background-color:var(--divider-color);-webkit-mask-image:var(--divider-pattern-url);mask-image:var(--divider-pattern-url)}.elementor-widget-divider--no-spacing{--divider-pattern-size:auto}.elementor-widget-divider--bg-round{--divider-pattern-repeat:round}.rtl .elementor-widget-divider .elementor-divider__text{direction:rtl}.e-con-inner>.elementor-widget-divider,.e-con>.elementor-widget-divider{width:var(--container-widget-width,100%);--flex-grow:var(--container-widget-flex-grow)}<\/style>\t\t<div class=\"elementor-divider\">\n\t\t\t<span class=\"elementor-divider-separator\">\n\t\t\t\t\t\t<\/span>\n\t\t<\/div>\n\t\t\t\t<\/div>\n\t\t\t\t<\/div>\n\t\t\t\t<div class=\"elementor-element elementor-element-13508b8 elementor-widget elementor-widget-text-editor\" data-id=\"13508b8\" data-element_type=\"widget\" data-widget_type=\"text-editor.default\">\n\t\t\t\t<div class=\"elementor-widget-container\">\n\t\t\t<style>\/*! elementor - v3.13.3 - 28-05-2023 *\/\n.elementor-widget-text-editor.elementor-drop-cap-view-stacked .elementor-drop-cap{background-color:#69727d;color:#fff}.elementor-widget-text-editor.elementor-drop-cap-view-framed .elementor-drop-cap{color:#69727d;border:3px solid;background-color:transparent}.elementor-widget-text-editor:not(.elementor-drop-cap-view-default) .elementor-drop-cap{margin-top:8px}.elementor-widget-text-editor:not(.elementor-drop-cap-view-default) .elementor-drop-cap-letter{width:1em;height:1em}.elementor-widget-text-editor .elementor-drop-cap{float:left;text-align:center;line-height:1;font-size:50px}.elementor-widget-text-editor .elementor-drop-cap-letter{display:inline-block}<\/style>\t\t\t\t<p style=\"font-weight: 400; text-align: center;\">Specjalizujemy si\u0119 w skupie prosa, gryki, j\u0119czmienia, grochu produkcji i sprzeda\u017cy kaszy gryczanej, j\u0119czmiennej, jaglanej, grochu \u0142uskanego, kukurydzy i kutii.\u00a0<\/p><p style=\"font-weight: 400; text-align: center;\">Naszym celem jest pog\u0142\u0119bianie kontakt\u00f3w z klientami z ca\u0142ej Polski oraz oferowanie produkt\u00f3w wysokiej jako\u015bci. Nasza firma sortuje wszystkie kasze na sortowniku optycznym\u00a0<b><strong>SORTEX<\/strong><\/b>, wiec klient ma pewno\u015b\u0107 \u017ce towar jest bez zanieczyszcze\u0144.<\/p><p style=\"font-weight: 400; text-align: center;\">W naszej ofercie znajduj\u0105 si\u0119 produkty:<\/p><p style=\"font-weight: 400; text-align: center;\">-kasza gryczana niepalona<\/p><p style=\"font-weight: 400; text-align: center;\">-kasza gryczana palona<\/p><p style=\"font-weight: 400; text-align: center;\">-kasza j\u0119czmienna per\u0142owa<\/p><p style=\"font-weight: 400; text-align: center;\">-kasza jaglana<\/p><p style=\"font-weight: 400; text-align: center;\">-m\u0105ka gryczana<\/p><p style=\"font-weight: 400; text-align: center;\">-m\u0105ka jaglana<\/p><p style=\"font-weight: 400; text-align: center;\">-groch \u0142uskany po\u0142\u00f3wki<\/p><p style=\"font-weight: 400; text-align: center;\">-kukurydza ziarno<\/p><p style=\"font-weight: 400; text-align: center;\">-kasza pszenna kutia\u00a0\u00a0<\/p>\t\t\t\t\t\t<\/div>\n\t\t\t\t<\/div>\n\t\t\t\t\t<\/div>\n\t\t<\/div>\n\t\t\t\t\t\t\t<\/div>\n\t\t<\/section>\n\t\t\t\t\t\t\t<\/div>\n\t\t","protected":false},"excerpt":{"rendered":"<p>Oferta Specjalizujemy si\u0119 w skupie prosa, gryki, j\u0119czmienia, grochu produkcji i sprzeda\u017cy kaszy gryczanej, j\u0119czmiennej, jaglanej, grochu \u0142uskanego, kukurydzy i kutii.\u00a0 Naszym celem jest pog\u0142\u0119bianie kontakt\u00f3w z klientami z ca\u0142ej Polski oraz oferowanie produkt\u00f3w wysokiej jako\u015bci. Nasza firma sortuje wszystkie kasze na sortowniku optycznym\u00a0SORTEX, wiec klient ma pewno\u015b\u0107 \u017ce towar jest bez zanieczyszcze\u0144. W naszej &hellip;<\/p>\n<p class=\"read-more\"> <a class=\"\" href=\"https:\/\/kaszpol.pl\/?page_id=140\"> <span class=\"screen-reader-text\">Elementor #140<\/span> Read More &raquo;<\/a><\/p>\n","protected":false},"author":1,"featured_media":0,"parent":0,"menu_order":0,"comment_status":"closed","ping_status":"closed","template":"","meta":{"_mi_skip_tracking":false,"_monsterinsights_sitenote_active":false,"_monsterinsights_sitenote_note":"","_monsterinsights_sitenote_category":0,"site-sidebar-layout":"no-sidebar","site-content-layout":"page-builder","ast-global-header-display":"","ast-main-header-display":"","ast-hfb-above-header-display":"","ast-hfb-below-header-display":"","ast-hfb-mobile-header-display":"","site-post-title":"disabled","ast-breadcrumbs-content":"","ast-featured-img":"disabled","footer-sml-layout":"","theme-transparent-header-meta":"default","adv-header-id-meta":"","stick-header-meta":"","header-above-stick-meta":"","header-main-stick-meta":"","header-below-stick-meta":""},"yoast_head":"<!-- This site is optimized with the Yoast SEO plugin v20.8 - https:\/\/yoast.com\/wordpress\/plugins\/seo\/ -->\n<title>Elementor #140 - P.P.H. KASZ-POL<\/title>\n<meta name=\"robots\" content=\"index, follow, max-snippet:-1, max-image-preview:large, max-video-preview:-1\" \/>\n<link rel=\"canonical\" href=\"https:\/\/kaszpol.pl\/?page_id=140\" \/>\n<meta property=\"og:locale\" content=\"en_US\" \/>\n<meta property=\"og:type\" content=\"article\" \/>\n<meta property=\"og:title\" content=\"Elementor #140 - P.P.H. KASZ-POL\" \/>\n<meta property=\"og:description\" content=\"Oferta Specjalizujemy si\u0119 w skupie prosa, gryki, j\u0119czmienia, grochu produkcji i sprzeda\u017cy kaszy gryczanej, j\u0119czmiennej, jaglanej, grochu \u0142uskanego, kukurydzy i kutii.\u00a0 Naszym celem jest pog\u0142\u0119bianie kontakt\u00f3w z klientami z ca\u0142ej Polski oraz oferowanie produkt\u00f3w wysokiej jako\u015bci. Nasza firma sortuje wszystkie kasze na sortowniku optycznym\u00a0SORTEX, wiec klient ma pewno\u015b\u0107 \u017ce towar jest bez zanieczyszcze\u0144. W naszej &hellip; Elementor #140 Read More &raquo;\" \/>\n<meta property=\"og:url\" content=\"https:\/\/kaszpol.pl\/?page_id=140\" \/>\n<meta property=\"og:site_name\" content=\"P.P.H. KASZ-POL\" \/>\n<meta property=\"article:modified_time\" content=\"2022-06-27T15:48:55+00:00\" \/>\n<meta name=\"twitter:card\" content=\"summary_large_image\" \/>\n<meta name=\"twitter:label1\" content=\"Est. reading time\" \/>\n\t<meta name=\"twitter:data1\" content=\"1 minute\" \/>\n<script type=\"application\/ld+json\" class=\"yoast-schema-graph\">{\"@context\":\"https:\/\/schema.org\",\"@graph\":[{\"@type\":\"WebPage\",\"@id\":\"https:\/\/kaszpol.pl\/?page_id=140\",\"url\":\"https:\/\/kaszpol.pl\/?page_id=140\",\"name\":\"Elementor #140 - P.P.H. KASZ-POL\",\"isPartOf\":{\"@id\":\"https:\/\/kaszpol.pl\/#website\"},\"datePublished\":\"2022-06-27T15:33:50+00:00\",\"dateModified\":\"2022-06-27T15:48:55+00:00\",\"breadcrumb\":{\"@id\":\"https:\/\/kaszpol.pl\/?page_id=140#breadcrumb\"},\"inLanguage\":\"en-US\",\"potentialAction\":[{\"@type\":\"ReadAction\",\"target\":[\"https:\/\/kaszpol.pl\/?page_id=140\"]}]},{\"@type\":\"BreadcrumbList\",\"@id\":\"https:\/\/kaszpol.pl\/?page_id=140#breadcrumb\",\"itemListElement\":[{\"@type\":\"ListItem\",\"position\":1,\"name\":\"Strona g\u0142\u00f3wna\",\"item\":\"https:\/\/kaszpol.pl\/\"},{\"@type\":\"ListItem\",\"position\":2,\"name\":\"Elementor #140\"}]},{\"@type\":\"WebSite\",\"@id\":\"https:\/\/kaszpol.pl\/#website\",\"url\":\"https:\/\/kaszpol.pl\/\",\"name\":\"P.P.H. KASZ-POL\",\"description\":\"Kolejna witryna oparta na WordPressie\",\"publisher\":{\"@id\":\"https:\/\/kaszpol.pl\/#organization\"},\"potentialAction\":[{\"@type\":\"SearchAction\",\"target\":{\"@type\":\"EntryPoint\",\"urlTemplate\":\"https:\/\/kaszpol.pl\/?s={search_term_string}\"},\"query-input\":\"required name=search_term_string\"}],\"inLanguage\":\"en-US\"},{\"@type\":\"Organization\",\"@id\":\"https:\/\/kaszpol.pl\/#organization\",\"name\":\"P.P.H. KASZ-POL\",\"url\":\"https:\/\/kaszpol.pl\/\",\"logo\":{\"@type\":\"ImageObject\",\"inLanguage\":\"en-US\",\"@id\":\"https:\/\/kaszpol.pl\/#\/schema\/logo\/image\/\",\"url\":\"https:\/\/kaszpol.pl\/wp-content\/uploads\/2021\/08\/cropped-LOGO-1.jpg\",\"contentUrl\":\"https:\/\/kaszpol.pl\/wp-content\/uploads\/2021\/08\/cropped-LOGO-1.jpg\",\"width\":973,\"height\":396,\"caption\":\"P.P.H. KASZ-POL\"},\"image\":{\"@id\":\"https:\/\/kaszpol.pl\/#\/schema\/logo\/image\/\"}}]}<\/script>\n<!-- \/ Yoast SEO plugin. -->","yoast_head_json":{"title":"Elementor #140 - P.P.H. KASZ-POL","robots":{"index":"index","follow":"follow","max-snippet":"max-snippet:-1","max-image-preview":"max-image-preview:large","max-video-preview":"max-video-preview:-1"},"canonical":"https:\/\/kaszpol.pl\/?page_id=140","og_locale":"en_US","og_type":"article","og_title":"Elementor #140 - P.P.H. KASZ-POL","og_description":"Oferta Specjalizujemy si\u0119 w skupie prosa, gryki, j\u0119czmienia, grochu produkcji i sprzeda\u017cy kaszy gryczanej, j\u0119czmiennej, jaglanej, grochu \u0142uskanego, kukurydzy i kutii.\u00a0 Naszym celem jest pog\u0142\u0119bianie kontakt\u00f3w z klientami z ca\u0142ej Polski oraz oferowanie produkt\u00f3w wysokiej jako\u015bci. Nasza firma sortuje wszystkie kasze na sortowniku optycznym\u00a0SORTEX, wiec klient ma pewno\u015b\u0107 \u017ce towar jest bez zanieczyszcze\u0144. W naszej &hellip; Elementor #140 Read More &raquo;","og_url":"https:\/\/kaszpol.pl\/?page_id=140","og_site_name":"P.P.H. KASZ-POL","article_modified_time":"2022-06-27T15:48:55+00:00","twitter_card":"summary_large_image","twitter_misc":{"Est. reading time":"1 minute"},"schema":{"@context":"https:\/\/schema.org","@graph":[{"@type":"WebPage","@id":"https:\/\/kaszpol.pl\/?page_id=140","url":"https:\/\/kaszpol.pl\/?page_id=140","name":"Elementor #140 - P.P.H. KASZ-POL","isPartOf":{"@id":"https:\/\/kaszpol.pl\/#website"},"datePublished":"2022-06-27T15:33:50+00:00","dateModified":"2022-06-27T15:48:55+00:00","breadcrumb":{"@id":"https:\/\/kaszpol.pl\/?page_id=140#breadcrumb"},"inLanguage":"en-US","potentialAction":[{"@type":"ReadAction","target":["https:\/\/kaszpol.pl\/?page_id=140"]}]},{"@type":"BreadcrumbList","@id":"https:\/\/kaszpol.pl\/?page_id=140#breadcrumb","itemListElement":[{"@type":"ListItem","position":1,"name":"Strona g\u0142\u00f3wna","item":"https:\/\/kaszpol.pl\/"},{"@type":"ListItem","position":2,"name":"Elementor #140"}]},{"@type":"WebSite","@id":"https:\/\/kaszpol.pl\/#website","url":"https:\/\/kaszpol.pl\/","name":"P.P.H. KASZ-POL","description":"Kolejna witryna oparta na WordPressie","publisher":{"@id":"https:\/\/kaszpol.pl\/#organization"},"potentialAction":[{"@type":"SearchAction","target":{"@type":"EntryPoint","urlTemplate":"https:\/\/kaszpol.pl\/?s={search_term_string}"},"query-input":"required name=search_term_string"}],"inLanguage":"en-US"},{"@type":"Organization","@id":"https:\/\/kaszpol.pl\/#organization","name":"P.P.H. KASZ-POL","url":"https:\/\/kaszpol.pl\/","logo":{"@type":"ImageObject","inLanguage":"en-US","@id":"https:\/\/kaszpol.pl\/#\/schema\/logo\/image\/","url":"https:\/\/kaszpol.pl\/wp-content\/uploads\/2021\/08\/cropped-LOGO-1.jpg","contentUrl":"https:\/\/kaszpol.pl\/wp-content\/uploads\/2021\/08\/cropped-LOGO-1.jpg","width":973,"height":396,"caption":"P.P.H. KASZ-POL"},"image":{"@id":"https:\/\/kaszpol.pl\/#\/schema\/logo\/image\/"}}]}},"_links":{"self":[{"href":"https:\/\/kaszpol.pl\/index.php?rest_route=\/wp\/v2\/pages\/140"}],"collection":[{"href":"https:\/\/kaszpol.pl\/index.php?rest_route=\/wp\/v2\/pages"}],"about":[{"href":"https:\/\/kaszpol.pl\/index.php?rest_route=\/wp\/v2\/types\/page"}],"author":[{"embeddable":true,"href":"https:\/\/kaszpol.pl\/index.php?rest_route=\/wp\/v2\/users\/1"}],"replies":[{"embeddable":true,"href":"https:\/\/kaszpol.pl\/index.php?rest_route=%2Fwp%2Fv2%2Fcomments&post=140"}],"version-history":[{"count":27,"href":"https:\/\/kaszpol.pl\/index.php?rest_route=\/wp\/v2\/pages\/140\/revisions"}],"predecessor-version":[{"id":170,"href":"https:\/\/kaszpol.pl\/index.php?rest_route=\/wp\/v2\/pages\/140\/revisions\/170"}],"wp:attachment":[{"href":"https:\/\/kaszpol.pl\/index.php?rest_route=%2Fwp%2Fv2%2Fmedia&parent=140"}],"curies":[{"name":"wp","href":"https:\/\/api.w.org\/{rel}","templated":true}]}}